ds digit of f(-13)?
7
Suppose 2*t = -175 + 173. Let m be 8*1*(-22)/44. What is the tens digit of ((-3)/((-15)/m))/(t/80)?
6
Let r = -17667 + 35910. What is the hundreds digit of r?
2
Let d(v) = -2*v**2 + 8*v + 12. Let a be d(5). Suppose a*r = -0*r + 1674. What is the hundreds digit of r?
8
Let k(l) = l**2 + 6*l + 7. Let j be k(-4). Let v be j/(2/1)*(-1 - -207). Let z = v + 157. What is the units digit of z?
4
Suppose 38*g - 183840 = -58*g. What is the hundreds digit of g?
9
Suppose n - s + 4 = 0, -2*n = s - 2 + 7. What is the tens digit of ((-11)/n)/((-3)/(-531))?
4
Let k be (-4 - -4)*2/(-6). Suppose -31*r + 16*r + 1830 = k. What is the hundreds digit of r?
1
Let h(g) = -2*g**3 + g**2 - 12*g + 1. Let a(m) = 9*m**3 - 3*m**2 + 60*m - 4. Let q(f) = -2*a(f) - 11*h(f). What is the units digit of q(7)?
8
What is the ten thousands digit of (-29)/(-87)*(-210732)/(-2)?
3
Let r(b) = -b**3 + 3*b**2 - 2. Let l be r(5). What is the tens digit of l/44 - -1 - 66156/(-132)?
0
Let d = -42 - -44. Suppose 0*v + d*v - 10 = 0. Suppose 2*o - 8 = 2*q - 78, 4*o = -v*q + 220. What is the units digit of q?
0
Let y be ((-40)/30)/(4/(-6)). Suppose 3*r = -4*p - 0 + 1362, -y*r - 1013 = -3*p. What is the hundreds digit of p?
3
Suppose 796532 = 52*j + 286828. What is the units digit of j?
2
Let u = 1821 - -7694. What is the thousands digit of u?
9
Let k(o) = o**3 + 3*o**2 + 3*o - 4. Let l = 7 + 12. Suppose 2*q - l = -5*n, 4 - 7 = n - 3*q. What is the units digit of k(n)?
9
Let r be ((-1032)/9)/((-8)/(-36)). What is the hundreds digit of (r/14)/(2 + (-60)/28)?
2
Let u(v) be the third derivative of v**6/120 + 11*v**5/15 + 31*v**4/24 - 41*v**3/6 - 31*v**2. What is the units digit of u(-43)?
5
Let z(y) = -14 + 15 + 3*y**2 - 7*y + 3 + 2. What is the hundreds digit of z(-11)?
4
Suppose 2*d = g - 49842, -378*g - 249129 = -383*g + d. What is the ten thousands digit of g?
4
Suppose 2*o - 2*l = 1863 + 717, -3*o - 2*l + 3865 = 0. What is the hundreds digit of o?
2
Suppose 0 = -5*j - 10, -2*d + d + 12 = -5*j. Suppose 5*x + 2520 = 5*f, 2*f = d*x - 3*x + 1005. What is the units digit of f?
3
Let d be 11*6/462*21. Suppose 2*f = -l - 26 + 133, 0 = 4*l + 3*f - 443. Suppose 4*b - 452 = 2*p, 0*b + d*p = b - l. What is the tens digit of b?
1
Let y(m) = -m**3 - 54*m**2 - 159*m - 17. What is the tens digit of y(-59)?
6
Let y(g) be the third derivative of -g**6/120 + g**5/40 + g**4/8 + 6*g**2. Let b(f) be the second derivative of y(f). What is the units digit of b(-12)?
5
Let d(l) = 7*l**2 - 6*l - 6. Suppose 0*q + q + 2*u - 3 = 0, 5*u = 0. Suppose 0 = -0*i - i - q. What is the units digit of d(i)?
5
Let v = 51 - 49. Let b(i) = -8*i**2 + 4. Let k be b(v). What is the hundreds digit of (-1)/(-4) + (-3101)/k?
1
What is the hundreds digit of 4/14 + (1762205/35 - 17)?
3
Let a(b) = 745*b + 44. Let s(h) = -9681*h - 573. Let u(f) = 27*a(f) + 2*s(f). What is the tens digit of u(2)?
4
Suppose -3*v - 4*i = 751 - 4743, 3*v + 10*i - 3968 = 0. What is the thousands digit of v?
1
Let p = 53872 + -30216. What is the thousands digit of p?
3
Let c(x) = -x**3 - 10*x**2 - 29*x. Let l(o) = o**2 - o + 1. Let d(n) = c(n) - 4*l(n). Let h be d(-8). Let t = -23 - h. What is the hundreds digit of t?
1
Let s = -40 - -40. Let d be (s - 1) + 714/6. Suppose 31*p = 29*p + d. What is the units digit of p?
9
Let g(l) = 6*l - 74. Let t be g(12). What is the tens digit of t + -1 + (894 - -35)?
2
Suppose -219*k = -1843544 - 11086435. What is the ten thousands digit of k?
5
Suppose -31*a = -12*a - 3100 - 378363. What is the ten thousands digit of a?
2
Let x = -5483 - -15701. What is the thousands digit of x?
0
Let l = 150 - 62. Suppose 2*k + l = 30. Let d = k - -81. What is the tens digit of d?
5
Let z(x) be the first derivative of 149*x**3 - 2*x**2 + x - 92. What is the units digit of z(1)?
4
Let b = -2001 - -3003. What is the hundreds digit of b?
0
Suppose 5*l = 2*z + 44366, 2*l + 3*z - 11503 = 6232. What is the units digit of l?
2
Let b(q) = 409*q**3 - q**2 - 19*q + 47. What is the units digit of b(3)?
4
Let w be (-300)/(-8) + (-15)/6 + 2. Let k = 67 + w. Let p = k - 14. What is the tens digit of p?
9
Suppose b - 3 + 10 = 0, -3*r + 36981 = -9*b. What is the thousands digit of r?
2
Let o = 39 - 36. Suppose -j + 200 = o*j + f, -5*j - 2*f = -250. Suppose 5*k - 210 = j. What is the units digit of k?
2
Let f be 10/(-15) + 2/6*-145. Let r = f - -719. What is the tens digit of r?
7
Suppose 0*n + n - 10 = 0. Suppose 9*k + 217 = n*k. Let m = k + -91. What is the units digit of m?
6
Let r(f) = -f**2 - 5*f + 58. Let m be r(-24). Let w = 37 - m. What is the hundreds digit of w?
4
Suppose 13*a - 14794 = 15743. What is the units digit of a?
9
Let s be 6/(-9)*-22*3. Let l(d) = -2*d**2 - 42*d + 26. Let x be l(-21). Let h = s + x. What is the units digit of h?
0
Suppose -59*h + 298881 = -367701. What is the ten thousands digit of h?
1
Suppose 2*a = 4*c + 109086, -c - 218116 = -73*a + 69*a. What is the hundreds digit of a?
5
Let t = 32037 + -9810. What is the hundreds digit of t?
2
Let v = 40840 - 20542. What is the ten thousands digit of v?
2
Let s(w) = w**3 + 8*w**2 - 4*w + 3. Let a be s(-9). Suppose -2*f - 11 = -4*k + 323, 0 = f + 5. Let g = k + a. What is the units digit of g?
9
Suppose -21*p + 22 = -83. Let h(y) = -20*y**3 - 2*y**2 - 2*y - 2. Let x be h(-2). Suppose -p*z + x = 19. What is the tens digit of z?
2
Let a(q) = 306*q - 556. What is the thousands digit of a(16)?
4
Let x(g) = 13*g**2 + 137*g - 254. What is the units digit of x(-33)?
2
Let d = -46 + 46. Let c(q) = -22*q + d*q - 7*q - 4. What is the units digit of c(-2)?
4
What is the hundreds digit of 43 + -47 + 3*601?
7
Let c = -16 + 394. Let z = 58 + c. What is the units digit of z?
6
Suppose 2*j - 4*h - 60 = 0, 3*j + h - 85 = 6*h. Let b be (5/j)/(2/(-8)). What is the tens digit of -2 - b - (-95 - (1 - 0))?
9
Let l(a) = a**3 + 9*a**2 + 8*a + 1. Let y be l(-8). Let o be (1542/(-10) - y)*-5. Suppose -5*c + b + o = 0, -2*c + b + 140 = -168. What is the tens digit of c?
5
Suppose -d + 3*r = -16117, d - 47*r - 16109 = -48*r. What is the tens digit of d?
1
Let b = 263 - 261. What is the tens digit of (1 + b - -24) + 10/2?
3
Let h(x) = -27*x**2 - 3*x + 2. Let o be h(1). Let c = -24 - o. Suppose c*j = g + 359, 3*j - 4*g - 125 - 154 = 0. What is the units digit of j?
9
Let l(o) = 1 + 0 + 4*o**2 - 2 - 3*o**2. Let w be l(-1). Suppose 2*a = w, 5*j - 113 - 267 = -3*a. What is the tens digit of j?
7
Let r = -929 - 3841. Let d be (r/(-2))/3 + 21/(-7). Suppose -d = -5*o + o. What is the hundreds digit of o?
1
Let k = -342 + 349. Suppose 8*i - k*i - 5523 = -4*a, -25 = 5*i. What is the tens digit of a?
8
Let m be ((-18)/126)/(2/(-14)) + 13. Suppose 19*n = m*n + 225. What is the tens digit of n?
4
Suppose -6846 = -5*l - 1510 + 3254. What is the tens digit of l?
1
What is the tens digit of 4621 - 102 - (1 - -2)*1?
1
Let b be (-6)/(-21) + (-1195)/(-7). Suppose -4*g = 63 - b. Let l = g - 12. What is the units digit of l?
5
Suppose 5*p = 8082 - 557. Suppose 5*w = -3*a - 56 + 1531, 0 = -5*w + 3*a + p. What is the units digit of w?
8
What is the thousands digit of (-2 - -5)/(8/3 + 7672785/(-2877345))?
3
What is the units digit of 4 + ((-6)/(-4) - 47746/(-4))?
2
Suppose 10*h + 2*m + 6 = 9*h, -3*h = 2*m + 2. Let j(t) = 3*t - 4. Let f be j(4). Suppose 0 = h*y - f*y + 1602. What is the units digit of y?
7
Suppose -3*s + 0*i = 3*i - 198, s - i - 68 = 0. Let u = 179 + s. Suppose -3*d + u = 66. What is the tens digit of d?
6
Let q(c) = -247*c - 1452. What is the hundreds digit of q(-92)?
2
Suppose -4*r = -2*j + j - 14, 2*j - 3*r = -43. What is the tens digit of 44535/65 + 4/j*1?
8
What is the tens digit of 51/((112/(-12))/14*18/(-16))?
6
Let c = 298 + -308. What is the units digit of (c - (-2 - 2)) + 186?
0
Suppose 0 = -f + 5*k + 22355, 6*f + 5*k = 2*f + 89495. What is the thousands digit of f?
2
What is the thousands digit of 10 + -12 + (-2 - (-9211 - 0))?
9
Let u(d) = 6*d - 13 - 4 + 0 - 7. What is the tens digit of u(19)?
9
What is the units digit of 21 + -4 - 25 - 29*-103?
9
Let a(y) = -8*y + 14. Let x be a(-10). Let c(z) = -4*z**2 + 34*z - 13. Let i be c(8). What is the units digit of ((x - i) + -1)/2?
5
Suppose 3*d = j - 46, -4*d - 162 = -3*j - 3*d. Suppose 5*s = x - 56, 2*x + 3*s - j = 109. Let t = x + -6